. Let l be r(5). Let x = 1 + -1. Suppose 19*n - 15*n - l = x. Is n a composite number?
False
Suppose -97*c - 6730352 = -329*c + 9468120. Is c composite?
False
Suppose 0 = -28*h + 34*h - 12. Is (12 + -10)*26551/h a composite number?
True
Suppose 219 = -4*k + 5*n, -k + 5*n - 10*n = 86. Let w = k + 29. Is (24/w)/(1/(-1076)) prime?
False
Suppose 831078 = -57*b + 75*b. Is b prime?
True
Let y(x) = -5*x - 94. Let u be y(-18). Let i(p) = -63*p**3 - 4*p**2 + 6*p - 1. Is i(u) prime?
True
Let y be 657 + 6 + -5 + 1. Let j = y - -1014. Is j a prime number?
False
Suppose -2*q = -q + 14. Let o be (-48)/(-27) + q/(-63). Suppose 2*s - 247 = 3*b, 0 = -o*s - 4*b + 2*b + 272. Is s composite?
False
Let x be (1611/4)/(2/(-8)). Let y = x - -2476. Is y prime?
False
Suppose 3744708 = -s + 133*s. Is s composite?
True
Suppose 65*q - 464877 + 140722 = 0. Is q composite?
False
Suppose 19*w + 4894440 = 139*w. Is w a prime number?
True
Let y = -928927 + 1374034. Suppose -29*p - y = -68*p. Is p composite?
True
Is 2*-2335490*16/(-320) a prime number?
True
Suppose 39*q - u + 44639 = 44*q, -5*u + 20 = 0. Is q a prime number?
False
Let r(i) = i**2. Let c(u) = -2*u - 1. Let a(n) = c(n) + 5*r(n). Let t be a(1). Suppose t*o - 182 - 480 = 0. Is o composite?
False
Suppose -86*t + 88564 = -58*t. Is t a composite number?
False
Let l = -2434 - -2431. Let u(i) = -i**3 + i. Let j be u(1). Is 134 + 0*(2 + l - j) a prime number?
False
Let a(n) = -647*n - 802. Is a(-15) prime?
False
Suppose -3*d = -3*j + 1779, -2*d - 2*j - 608 = -d. Let p = -927 - d. Let u = p - -814. Is u prime?
False
Suppose -4*n + 165 = -127. Suppose 5*c - 76*w - 6193 = -n*w, 0 = -w + 4. Is c a composite number?
True
Let t(u) be the first derivative of 7*u**4/6 + u**3/2 - 17*u**2/2 + 7. Let i(w) be the second derivative of t(w). Is i(4) composite?
True
Suppose 8*n = 25*n - 98906. Suppose -3*i = -4*w - n, -2*i + 2*w = -5*i + 5794. Is i a composite number?
True
Suppose -263 = 4*m + 5*p, 4*m = 2*m + 2*p - 118. Let x = m + 833. Is x a prime number?
False
Suppose -2*s + 4 = -3*t + 8, 5*t - 24 = -s. Suppose t*v - 50035 = -3*c, -c + 53403 = 3*v + 15873. Is v prime?
True
Let m = 92239 + -13536. Is m a composite number?
True
Let h be (14 + 1)*((-48)/9 + 7). Let p = h + -38. Let g(w) = -4*w**3 + 2*w**2 + 32*w - 3. Is g(p) prime?
True
Let i = 68074 - 36657. Is i a composite number?
True
Let m be -14 + 16 - (-1 + -8). Suppose m*k - 5*k = 30. Suppose -5*q - 3*l = -3333, 2*q + 0*l + k*l - 1318 = 0. Is q a prime number?
False
Suppose -33*y = -21165 + 5688. Let n(o) = 15*o + 7. Let l be n(8). Suppose y = 2*j - l. Is j a composite number?
True
Let f be (-2)/(-5) - (-317)/5*19. Let n = -465 + f. Suppose -4*r + n = -0*r. Is r composite?
True
Let n(y) = -6*y**3 + 13*y**2 + 10*y - 31. Suppose 0 = 5*s - 2*l + 34, 43 = 10*s - 15*s - l. Is n(s) a composite number?
False
Let u(x) = 17*x**2 - 2*x + 7. Let d be (((-170)/3)/5)/(2/(-3)). Suppose 13 = y - 2*o - 0*o, 0 = 5*y + 2*o - d. Is u(y) a prime number?
False
Let z(r) = -169*r - 23. Let l be z(-20). Suppose -6*m + m + l = -2*o, -2*m + 4*o + 1346 = 0. Is m a prime number?
False
Suppose -2*z = 3*c - 110927, -155*z + 3*c = -160*z + 277322. Is z prime?
False
Suppose 4*g + 37*d - 225128 = 35*d, 4*g - 5*d - 225086 = 0. Is g composite?
True
Let y = -123 + 120. Is -59*(-17 + 6/y) a prime number?
False
Let f = -98426 - -147877. Is f a prime number?
True
Is ((-493545)/(-30))/(1*(-6)/(-12)) composite?
True
Is 3*728733/(-27)*(5 + (-24)/3) a composite number?
False
Suppose -15*l - 2451 = -18*l. Is 86/l - (-152338)/38 composite?
True
Let s = -118760 - -172195. Suppose -s = 58*i - 63*i. Is i composite?
False
Let q be -151 - -153 - -25*(-490)/(-2). Is -4*10/((-11)/(q/8)) a composite number?
True
Suppose 2*r = 3*p + 346, -5*p + 3*r - 576 = -0*r. Let s = -53 - p. Suppose -i - s + 1151 = -3*u, -2176 = -2*i + 2*u. Is i a composite number?
False
Suppose -c - x = -9, 0 = -3*c + 8*c - x - 15. Let w(h) = 15*h**3 + 5*h**2 + 2*h + 7. Is w(c) a prime number?
False
Suppose 3*t + 2*q + 10 = 0, t + 5 = -2*q - 5. Let r be (t - 4/10) + 10/25. Suppose r = -2*g - 5*u + 970, 3*g - 1028 - 427 = -4*u. Is g composite?
True
Let x = -54139 + 88860. Is x prime?
True
Let l(d) be the third derivative of d**6/120 - d**5/10 + d**4/3 + d**3/2 - 3*d**2. Let g be l(4). Is (1514/g)/(6/9) a composite number?
False
Suppose 5*c - 21745 = n, -2*c + 8778 = -3*n + 93. Suppose z - c = 4381. Is z a composite number?
False
Suppose 5*c - 469690 = 5*x, 0 = 4*c + 4*x + x - 375725. Is c a prime number?
False
Let k(p) = 34*p**2 + 10. Let o be k(8). Let r = o + 1007. Is r composite?
True
Suppose 25*i + 1 - 1 = 0. Is (-264888)/(-96) + 2/(-8) + i prime?
False
Let j(o) = -584*o**3 - 7*o**2 - 21*o - 17. Is j(-7) a composite number?
True
Is 35579732/26 + (-222)/962 a prime number?
False
Let i(p) = p**2 + 14*p - 21. Suppose 5*n = -x - 2*x + 159, 3*n + 9 = 0. Suppose 2*q + 80 = 5*o, -2*o + 2*q - 20 + x = 0. Is i(o) a prime number?
False
Suppose -2*n - m + 0*m = -11, 3*n = -2*m + 19. Suppose -2059 = -n*z + 386. Is z prime?
False
Let k = 17 - 52. Let n be (8/(-3))/(164/(-1107)). Let x = n - k. Is x a composite number?
False
Suppose -137348478 = 522*q - 960*q. Is q a prime number?
False
Is 2353015/5 - (-30 + 16) a composite number?
True
Is (4460400/(-7))/(-15) - -7 prime?
True
Suppose -329 - 322 = -21*v. Suppose v*r + 3507 - 73226 = 0. Is r a prime number?
False
Let g = -465462 + 917681. Is g a prime number?
False
Let r = -40610 - -217437. Is r a composite number?
True
Let t be (-35065)/(-7) - (-24)/(-84). Let m = 3182 + t. Is m a composite number?
False
Suppose -4*m - 5*f = 8891, -8*m = -9*m - f - 2224. Let r = -1031 - m. Is r composite?
True
Suppose 81*f - 76*f = 11125. Let w = 4462 - f. Suppose -5*s - w = -k, -k + 850 = 4*s - 1387. Is k a prime number?
True
Let m be 10/4 - (8 - (-15)/(-2)). Suppose 3*c - c - 19094 = -m*w, 3*w - 38186 = -4*c. Suppose -75*i + 80*i - c = 0. Is i a prime number?
False
Let c be (80 + 3 - 0) + -3. Let j = 62 - c. Is (-4)/(96/4) + (-46965)/j a composite number?
False
Let m be 7 - 9 - (0 - -1). Let v(u) = 3*u + 3. Let j be v(m). Is ((-2)/(8 + j))/(2/(-1594)) composite?
False
Let y(x) = 17*x + 32. Let d = -2 - 19. Let a be y(d). Let u = a - -1078. Is u composite?
True
Suppose 0 = -2*p + 4*b - 14, -16*b - 5 = 5*p - 20*b. Suppose -27 = -4*l - 3*x + 5, x = -4*l + 24. Suppose f - 4*f = l*g - 3437, -p*f + 3445 = g. Is f prime?
False
Let s be (5 + -6)*(1 - 16). Suppose s = 2*o - 5*o, -m - 4*o + 2534 = 0. Is m composite?
True
Let c(n) = 16*n**2 + 218*n + 1. Is c(-42) a prime number?
True
Suppose -5*u = 2*m - 367451, -2*u + 4*m + 126148 = -20818. Is u a composite number?
True
Let v = 299 + -294. Suppose 0 = -v*u - 5798 + 38773. Is u composite?
True
Let k = -4352 + 15942. Is k/6 - ((-160)/(-24))/10 prime?
True
Let y = 49 - 53. Let t be (86/y + -1)*4/(-6). Suppose 0 = -5*u - t, 1509 = 3*n - u - 0*u. Is n a prime number?
False
Suppose -35 = -2*y - 23. Suppose y = 2*d - 8. Is (((-9170)/(-6))/d)/(4/12) a prime number?
False
Let x(w) = -w**2 + 5*w + 13. Let a(c) = c**2 - 5*c - 13. Let v(q) = 3*a(q) + 4*x(q). Let o be v(7). Is 1360/(6/3) - (o - 2) a composite number?
False
Let m = -273 - -267. Is (-1 - 2) + 497 + 18/m a composite number?
False
Let l(w) = 5*w**3 - 2*w**2 + 3*w - 2. Let s be l(1). Suppose -56224 = -4*i - s*d, 4*d = -3*i + 466 + 41701. Is i prime?
True
Let p be 26/6 - 5 - (-34)/6. Is p/20*66*212/6 a prime number?
False
Let l be 3 - -2 - (19 - 15). Let u(x) = 17455*x**3 - 3*x + 3. Is u(l) prime?
False
Is -7 - (-2 - 477215 - (-3 - -2)) a prime number?
True
Let c = -1640 - -2627. Suppose -3*q + t = -5675 - c, -6668 = -3*q - 5*t. Is q a composite number?
False
Let m be (-84)/8 - (-15)/10. Let s be 5 + 8/(24/m). Suppose 0 = 2*p - 6, -s*f - 3*f - p = -1468. Is f composite?
False
Let l(y) = 179*y**2 + 17*y - 39. Let k(s) = 181*s**2 + 18*s - 40. Let w(z) = -2*k(z) + 3*l(z). Is w(6) a composite number?
False
Suppose 13*n = 15*n - 53936. Suppose -4*v + 53944 = -2*i, -6*i - n = -2*v - 3*i. Is v a prime number?
True
Suppose -3847638 = -81*a + 39242499. Is a a composite number?
False
Let g be 1 - (1 + -4) - (0 - 0). Suppose -4*j - g*s + 3504 = -j, 0 = -5*j + 3*s + 5869. Suppose -86*p + j = -82*p. Is p a prime number?
True
Let p(v) = 9123*v**2 + 586*v